{"id":9,"date":"2023-05-26T11:59:50","date_gmt":"2023-05-26T09:59:50","guid":{"rendered":"https:\/\/pack.wine\/?page_id=9"},"modified":"2023-08-14T15:20:27","modified_gmt":"2023-08-14T13:20:27","slug":"business","status":"publish","type":"page","link":"https:\/\/pack.wine\/fr\/entreprise\/","title":{"rendered":"Entreprises"},"content":{"rendered":"<p class=\"has-text-align-center has-text-color has-normal-font-size wp-block-paragraph\" style=\"color:#7c7235;font-style:normal;font-weight:400\"><strong>Les particuliers peuvent commander nos produits sans enregistrement. Nous exp\u00e9dions uniquement vers l'Union europ\u00e9enne<\/strong><\/p>\n\n\n\n<hr class=\"wp-block-separator aligncenter has-alpha-channel-opacity is-style-wide\"\/>\n\n\n\n<p class=\"has-text-align-center has-text-color has-normal-font-size wp-block-paragraph\" style=\"color:#7c7235\">L'inscription est r\u00e9serv\u00e9e aux comptes professionnels<\/p>\n\n\n<div class=\"woocommerce\"><\/div>\n\n\n\n<hr class=\"wp-block-separator aligncenter has-alpha-channel-opacity is-style-wide\"\/>\n\n\n\n<p class=\"has-text-align-center has-text-color wp-block-paragraph\" style=\"color:#7c7235\">Pour vous inscrire, vous devez disposer d'un <strong>Num\u00e9ro de TVA  UE.<\/strong> Cela vous permet de passer des commandes <strong>TVA EXCLUE*<\/strong><\/p>\n\n\n\n<p class=\"has-text-align-center has-black-color has-text-color has-normal-font-size wp-block-paragraph\">*<strong>SAUF AUTRICHE ET ALLEMAGNE<\/strong>*<\/p>\n\n\n\n<hr class=\"wp-block-separator aligncenter has-alpha-channel-opacity is-style-wide\"\/>\n\n\n\n<p class=\"has-text-align-center wp-block-paragraph\">Pour cr\u00e9er un compte, veuillez nous \u00e9crire \u00e0 <a href=\"mailto:business@pack.wine\">business@pack.wine<\/a><\/p>\n\n\n\n<p class=\"has-text-align-center wp-block-paragraph\">Vous pouvez v\u00e9rifier la validit\u00e9 de votre num\u00e9ro de TVA sur le site de la Commission europ\u00e9enne. <a href=\"https:\/\/ec.europa.eu\/taxation_customs\/vies\/#\/vat-validation\" target=\"_blank\" rel=\"noreferrer noopener\">VIES<\/a><\/p>\n\n\n\n<hr class=\"wp-block-separator aligncenter has-alpha-channel-opacity\"\/>","protected":false},"excerpt":{"rendered":"<p>Les particuliers peuvent commander nos produits sans s'enregistrer. Nous livrons uniquement dans l'Union europ\u00e9enne L'enregistrement est r\u00e9serv\u00e9 aux comptes commerciaux. Pour vous enregistrer, vous devez disposer d'un num\u00e9ro de TVA europ\u00e9en valide. Cela vous permet d'effectuer des commandes SANS TVA* *SANS AUTRICHE ET ALLEMAGNE* Pour cr\u00e9er un compte, veuillez nous \u00e9crire \u00e0 business@pack.wine Vous pouvez v\u00e9rifier [...]<\/p>","protected":false},"author":1,"featured_media":0,"parent":0,"menu_order":0,"comment_status":"closed","ping_status":"closed","template":"","meta":{"footnotes":""},"class_list":["post-9","page","type-page","status-publish","hentry"],"_links":{"self":[{"href":"https:\/\/pack.wine\/fr\/wp-json\/wp\/v2\/pages\/9","targetHints":{"allow":["GET"]}}],"collection":[{"href":"https:\/\/pack.wine\/fr\/wp-json\/wp\/v2\/pages"}],"about":[{"href":"https:\/\/pack.wine\/fr\/wp-json\/wp\/v2\/types\/page"}],"author":[{"embeddable":true,"href":"https:\/\/pack.wine\/fr\/wp-json\/wp\/v2\/users\/1"}],"replies":[{"embeddable":true,"href":"https:\/\/pack.wine\/fr\/wp-json\/wp\/v2\/comments?post=9"}],"version-history":[{"count":1,"href":"https:\/\/pack.wine\/fr\/wp-json\/wp\/v2\/pages\/9\/revisions"}],"predecessor-version":[{"id":437,"href":"https:\/\/pack.wine\/fr\/wp-json\/wp\/v2\/pages\/9\/revisions\/437"}],"wp:attachment":[{"href":"https:\/\/pack.wine\/fr\/wp-json\/wp\/v2\/media?parent=9"}],"curies":[{"name":"wp","href":"https:\/\/api.w.org\/{rel}","templated":true}]}}

<p class="has-text-align-center has-text-color has-normal-font-size wp-block-paragraph" style="color:#7c7235;font-style:normal;font-weight:400"><strong>Les particuliers peuvent commander nos produits sans enregistrement. Nous expédions uniquement vers l'Union européenne</strong></p>



<hr class="wp-block-separator aligncenter has-alpha-channel-opacity is-style-wide"/>



<p class="has-text-align-center has-text-color has-normal-font-size wp-block-paragraph" style="color:#7c7235">L'inscription est réservée aux comptes professionnels</p>


<div class="woocommerce"></div>



<hr class="wp-block-separator aligncenter has-alpha-channel-opacity is-style-wide"/>



<p class="has-text-align-center has-text-color wp-block-paragraph" style="color:#7c7235">Pour vous inscrire, vous devez disposer d'un <strong>Numéro de TVA  UE.</strong> Cela vous permet de passer des commandes <strong>TVA EXCLUE*</strong></p>



<p class="has-text-align-center has-black-color has-text-color has-normal-font-size wp-block-paragraph">*<strong>SAUF AUTRICHE ET ALLEMAGNE</strong>*</p>



<hr class="wp-block-separator aligncenter has-alpha-channel-opacity is-style-wide"/>



<p class="has-text-align-center wp-block-paragraph">Pour créer un compte, veuillez nous écrire à <a href="mailto:business@pack.wine">business@pack.wine</a></p>



<p class="has-text-align-center wp-block-paragraph">Vous pouvez vérifier la validité de votre numéro de TVA sur le site de la Commission européenne. <a href="https://ec.europa.eu/taxation_customs/vies/#/vat-validation" target="_blank" rel="noreferrer noopener">VIES</a></p>



<hr class="wp-block-separator aligncenter has-alpha-channel-opacity"/>

<p>Les particuliers peuvent commander nos produits sans s'enregistrer. Nous livrons uniquement dans l'Union européenne L'enregistrement est réservé aux comptes commerciaux. Pour vous enregistrer, vous devez disposer d'un numéro de TVA européen valide. Cela vous permet d'effectuer des commandes SANS TVA* *SANS AUTRICHE ET ALLEMAGNE* Pour créer un compte, veuillez nous écrire à business@pack.wine Vous pouvez vérifier [...]</p>
